{"id":1785,"date":"2021-12-27T23:10:31","date_gmt":"2021-12-27T22:10:31","guid":{"rendered":"https:\/\/www.nkvinica.hr\/?page_id=1785"},"modified":"2026-01-29T19:05:07","modified_gmt":"2026-01-29T18:05:07","slug":"prednatjecatelji-u-9","status":"publish","type":"page","link":"https:\/\/www.nkvinica.hr\/index.php\/ekipe\/prednatjecatelji-u-9\/","title":{"rendered":"Prednatjecatelji (U-9)"},"content":{"rendered":"\n<p>Igra\u010di NK Vinica starosti do 9 godina dio su ekipe Prednatjecatelja (U-9) Nogometnog centra Maru\u0161evec-Vinica i natje\u010du se u \u017dupanijskoj ligi nogometnih centara Vara\u017edin. Trener ekipe U-9 je Robert Lon\u010dar.<\/p>\n\n\n\n<p>Rezultate i raspored natjecanja mo\u017eete pratiti na ovoj <a href=\"https:\/\/zns-varazdin.hr\/\" data-type=\"link\" data-id=\"https:\/\/zns-varazdin.hr\/\">poveznici<\/a>.<\/p>\n\n\n\n<figure class=\"wp-block-image size-large is-style-default\"><img loading=\"lazy\" decoding=\"async\" width=\"1024\" height=\"768\" src=\"https:\/\/www.nkvinica.hr\/wp-content\/uploads\/2026\/01\/U-9_2026-1024x768.jpg\" alt=\"\" class=\"wp-image-2160\" srcset=\"https:\/\/www.nkvinica.hr\/wp-content\/uploads\/2026\/01\/U-9_2026-1024x768.jpg 1024w, https:\/\/www.nkvinica.hr\/wp-content\/uploads\/2026\/01\/U-9_2026-300x225.jpg 300w, https:\/\/www.nkvinica.hr\/wp-content\/uploads\/2026\/01\/U-9_2026-768x576.jpg 768w, https:\/\/www.nkvinica.hr\/wp-content\/uploads\/2026\/01\/U-9_2026-1536x1152.jpg 1536w, https:\/\/www.nkvinica.hr\/wp-content\/uploads\/2026\/01\/U-9_2026-2048x1536.jpg 2048w, https:\/\/www.nkvinica.hr\/wp-content\/uploads\/2026\/01\/U-9_2026-128x96.jpg 128w, https:\/\/www.nkvinica.hr\/wp-content\/uploads\/2026\/01\/U-9_2026-32x24.jpg 32w\" sizes=\"auto, (max-width: 1024px) 100vw, 1024px\" \/><\/figure>\n","protected":false},"excerpt":{"rendered":"<p>Igra\u010di NK Vinica starosti do 9 godina dio su ekipe Prednatjecatelja (U-9) Nogometnog centra Maru\u0161evec-Vinica i natje\u010du se u \u017dupanijskoj &hellip; <\/p>\n","protected":false},"author":2,"featured_media":0,"parent":58,"menu_order":7,"comment_status":"closed","ping_status":"closed","template":"","meta":{"footnotes":""},"class_list":["post-1785","page","type-page","status-publish","hentry"],"_links":{"self":[{"href":"https:\/\/www.nkvinica.hr\/index.php\/wp-json\/wp\/v2\/pages\/1785","targetHints":{"allow":["GET"]}}],"collection":[{"href":"https:\/\/www.nkvinica.hr\/index.php\/wp-json\/wp\/v2\/pages"}],"about":[{"href":"https:\/\/www.nkvinica.hr\/index.php\/wp-json\/wp\/v2\/types\/page"}],"author":[{"embeddable":true,"href":"https:\/\/www.nkvinica.hr\/index.php\/wp-json\/wp\/v2\/users\/2"}],"replies":[{"embeddable":true,"href":"https:\/\/www.nkvinica.hr\/index.php\/wp-json\/wp\/v2\/comments?post=1785"}],"version-history":[{"count":6,"href":"https:\/\/www.nkvinica.hr\/index.php\/wp-json\/wp\/v2\/pages\/1785\/revisions"}],"predecessor-version":[{"id":2182,"href":"https:\/\/www.nkvinica.hr\/index.php\/wp-json\/wp\/v2\/pages\/1785\/revisions\/2182"}],"up":[{"embeddable":true,"href":"https:\/\/www.nkvinica.hr\/index.php\/wp-json\/wp\/v2\/pages\/58"}],"wp:attachment":[{"href":"https:\/\/www.nkvinica.hr\/index.php\/wp-json\/wp\/v2\/media?parent=1785"}],"curies":[{"name":"wp","href":"https:\/\/api.w.org\/{rel}","templated":true}]}}